s f a prime number?
False
Let g be (35/2)/(7/(-14)). Let x be (-300)/g - 4/7. Suppose -x*k + 5*k - 9 = 0, c = 4*k + 271. Is c composite?
True
Let r(d) = -13*d + 2*d + 70*d**2 - 1 + 0*d. Is r(8) composite?
False
Let o(z) = z**3 + 4*z**2 - 9*z + 16. Suppose 11 = 5*j + 1. Let r(t) = -t**3 - 3*t**2 + 8*t - 15. Let f(c) = j*o(c) + 3*r(c). Is f(-9) prime?
False
Let h = -2039 - -1318. Let p = h - -3482. Is p composite?
True
Let s(q) = -50*q + 3. Let m(l) = 251*l - 15. Suppose 0*c = -c - d + 12, -2*c + 2*d = -20. Let z(k) = c*s(k) + 2*m(k). Is z(-7) composite?
True
Let h = -25 - -27. Suppose -4*u = h*f - 4, 3*u - 4*f = -u + 28. Suppose a - 3*b = 838, 2 = b - u. Is a composite?
False
Let s(u) = -41*u + 1. Let i = -1 + -3. Let r be s(i). Suppose r = 7*x - 2*x. Is x prime?
False
Let h(y) = y**3 - 3*y**2 - 6*y + 7. Let s be h(-5). Let o = s + 426. Is o prime?
True
Let r = 2 - 0. Let n be 8/2*r - 2. Suppose 397 = -5*l + n*l. Is l composite?
False
Suppose 0 = -2*u + 3*k + 15029, 4*u - 7482 = 3*u - 5*k. Is u a composite number?
False
Let o(h) = -5*h**3 - h**2 - h + 5. Let f(l) = l - 15. Let k be f(12). Is o(k) composite?
True
Let r = 5 - -11. Suppose -4*l + 4 + r = 0. Suppose l*v - v + 411 = 5*c, -v - 83 = -c. Is c composite?
False
Let c = -19 + 22. Suppose 4*s = -c*i + 4*i + 18, -5*s + 19 = -3*i. Suppose -33 = -i*m + 401. Is m a composite number?
True
Let m be 64/3*(-45)/(-30). Suppose -m = -h - h. Let q = 183 + h. Is q composite?
False
Let s(b) = b**3 - 4*b**2 + b - 8. Suppose 2*r + r - 15 = 0. Is s(r) composite?
True
Let u(l) = -2*l**3 + 28*l**2 - 4*l + 13. Let f be u(14). Let s = 24 + 86. Let h = s + f. Is h a composite number?
False
Let g(b) = -7*b - 27. Suppose -f = -2*i - 0*f, 0 = 4*i - 3*f + 4. Let r(q) = 3*q + 13. Let t(s) = i*g(s) + 5*r(s). Is t(12) a composite number?
False
Let h = -163 + 414. Is h composite?
False
Let v = 18 - 11. Let i(k) = -2*k + 17. Let s be i(v). Suppose -s*b + 133 = -2*b. Is b prime?
False
Let j = 14 - 8. Let i be (-42)/(-1)*(-272)/j. Is 30/50 + i/(-10) composite?
False
Let u(b) = 2*b + 7*b - 4*b - b**2 + 2*b**2 - 14. Let j be u(-7). Suppose j*q = -2*q + 790. Is q a prime number?
False
Suppose 6*x = 20*x - 17612. Let p = x - 419. Is p a composite number?
False
Suppose -4*q + 29136 = 2*j, -6*j + 7*j = 3*q - 21847. Is q a composite number?
False
Suppose 4*y - 3*q = 303, 0*y - 3*y - 3*q + 201 = 0. Suppose -2*b = -y - 218. Is b a composite number?
True
Let k(s) be the third derivative of -s**6/40 + s**5/15 - s**4/8 - 3*s**3/2 - 17*s**2. Is k(-5) a composite number?
True
Suppose 3*a - 1 = 2*a. Let h(d) = 2*d**2 - 2*d + 1. Let p be h(a). Is (1 - -1) + (76 - p) a prime number?
False
Let h(g) = -476*g + 26. Let x be h(-4). Let u = -1109 + x. Is u prime?
True
Is (-5)/((-195)/6) - 130860/(-156) composite?
False
Let k(h) = -3177*h - 6. Let j be k(3). Let p = j + 13640. Is p a composite number?
True
Let o(c) = 24*c**3 - 34*c**2 + 3*c + 8. Is o(7) prime?
False
Let c(x) be the second derivative of 8*x**4 + x**3/2 - x**2 + 12*x. Is c(3) composite?
True
Let z(v) = 6*v**2 + 15*v - 1. Let n be z(-7). Suppose 11*w + n - 8449 = 0. Is w a composite number?
False
Let l(y) = -y**3 - 5*y**2 - 2*y + 8. Let h be l(-4). Is -22*(h + (-445)/10) composite?
True
Suppose -4*f + 0*f + 48 = 0. Let p be (2562/f)/((-2)/(-4)). Let i = p + -278. Is i a composite number?
False
Suppose 60*x - 1840182 = -42*x. Is x a composite number?
False
Suppose 5*j = o + 1222, j + 239 = 2*j - 2*o. Suppose 6*w + j - 3587 = 0. Is w composite?
False
Is 484/12 + 4/(-3) a composite number?
True
Let m(w) = -5*w - 18. Let r(g) = -4*g - 18. Let o(n) = 5*m(n) - 6*r(n). Let x be o(13). Is (1 + -14)/(x/(-295)) composite?
True
Let y = -174 - -179. Suppose -4*u + 36 = -0*u. Suppose -y*f = -u*f + 580. Is f composite?
True
Let m = 111 - 9. Let x = 179 - m. Is x a composite number?
True
Let t(x) = 26*x + 7 - 30*x - 71*x. Is t(-6) a composite number?
False
Let l(z) be the first derivative of z**7/840 - z**6/360 + 131*z**4/24 - 4*z**3/3 + 1. Let d(n) be the third derivative of l(n). Is d(0) a prime number?
True
Suppose -3*h + 93 = -4*r + 5*r, 2*r - 176 = -h. Suppose 0 = -4*t + b + r, -5*b - 66 - 12 = -3*t. Is t composite?
True
Let w = 435 - 358. Is w prime?
False
Suppose -3*s + 6651 = 5*f + s, 4*s = 2*f - 2638. Let v = -945 + f. Is v composite?
True
Let n = 34693 + -24632. Suppose 10220 = 17*t - n. Is t prime?
True
Let s = 878 + -494. Suppose -8*n + 56 = -s. Is n a prime number?
False
Let u(t) = 19*t**2 + 21*t + 7. Let y be (4 + 1)/5*-5. Is u(y) composite?
True
Let q = 112 + -25. Let l(x) = x + 56. Let o be l(-27). Let v = q - o. Is v a prime number?
False
Let d(u) = -173*u + 213. Is d(-8) a prime number?
True
Suppose -u - 12 = -2*u. Suppose -u*i = -13*i + 377. Is i a composite number?
True
Let a be -4 - -1 - (2*-3 - 0). Suppose -3*h - 5*l + 1321 = 0, -2*h + a*l = 2*h - 1800. Is h prime?
False
Suppose 18*q + 262497 = 35*q. Is q prime?
False
Let w be (-1)/3 + (-48)/(-9). Suppose 0 = d + 5*m - 14 + 3, -w*d = 4*m + 8. Is -1*(-263 + 0/d) a prime number?
True
Let s be (6/2 - (-14)/(-2)) + 4. Suppose s = g - 4*t - 118 + 7, 0 = -2*t + 2. Is g a composite number?
True
Let u be 6/(4 + 15/(-6)). Suppose -5*a - 5*f - 216 = 274, u*f = -5*a - 490. Let w = a - -151. Is w a prime number?
True
Let c(o) = 1408*o + 33. Is c(1) composite?
True
Let d be (-1)/3 + 282/(-18). Let w be (12/d)/((-2)/632). Suppose 0 = 2*q + 11 - w. Is q a composite number?
False
Is (16/(-6))/(-4) + 177975/135 prime?
True
Let g be -7 + 3 + 1530/(2/(-1)). Let t = g - -1514. Is t a composite number?
True
Suppose -34797 = -5*p - 9502. Let z = p + -3236. Is z prime?
True
Let v = 1467 - 736. Is v a composite number?
True
Suppose -96 = -3*b - 102. Is 24534/8 - 2/16*b composite?
False
Suppose -591843 - 67669 = -8*u. Is u a composite number?
True
Let u(m) = 1. Let f be (6/9)/((-4)/18). Let q(t) = 11*t + 5. Let x(v) = f*q(v) + 12*u(v). Is x(-10) composite?
True
Suppose -4*g = -s - 1435, -2*g - 3*s + 946 - 239 = 0. Let h = g - 137. Is h prime?
False
Suppose -g = -3*k + 1905 + 4144, k - 3*g - 2003 = 0. Is k prime?
False
Let n(p) = 582*p**2 + 14*p - 57. Is n(4) a composite number?
False
Let l(o) = 2202*o**2 + o. Suppose -9*t - 3*t + 12 = 0. Is l(t) composite?
False
Let o(i) = -i**3 + 14*i**2 - 11*i - 16. Let w be o(13). Suppose -219 = -w*v + 751. Is v a prime number?
True
Let s = 1441 - 893. Let f be (s*-1)/(-4)*1. Let d = -82 + f. Is d a prime number?
False
Let g be (-5)/10*(5 + -3907). Let c = g - 428. Is c composite?
False
Let q(v) be the third derivative of 61*v**4/8 + v**3/6 + v**2. Let y be -4 - (1/(-2))/(1/12). Is q(y) composite?
False
Suppose 0 = -12*g + 7*g + 20. Is (-14846)/(-52) + 2/g + 1 a prime number?
False
Suppose 5*n = 3*h + 26314, -10*h = -14*h - 12. Is n composite?
False
Suppose 0 = -c + 3, -10408 = -5*t - 4*c + 3*c. Is t prime?
True
Suppose -4*c + 15 = c. Suppose 3*f + 0*f = -c. Is (f/2)/((-5)/690) prime?
False
Let g(m) = m**3 + m**2 + 2*m + 1692. Let j be g(0). Let h = j + -975. Is h a composite number?
True
Let n = 1744 + -747. Is n composite?
False
Let q(l) = -l**2 + 3*l - 3. Let h be q(3). Let a = h - -4. Is (106/2 - a) + 3 prime?
False
Suppose -c = 3*c - 16. Suppose -s + 3*s - 54 = -c*j, 5*j + 81 = 2*s. Suppose 0 = -4*r + r + s. Is r a prime number?
True
Suppose 8*x + 423036 = 2*x. Is (9/3)/(-12) + x/(-8) a prime number?
False
Is 148059/15 + (-54)/(-135) a prime number?
True
Let m = 13870 - -7263. Is m a prime number?
False
Let n(i) = 7*i - 7 - 5*i - 22*i. Let y be n(-6). Suppose 2*q + y = 3*q. Is q a composite number?
False
Let c be (-2)/(2 + 428/(-213)). Let z = -113 - c. Let w = z - -475. Is w a prime number?
True
Suppose 6*f - 5*f = 5. Suppose -5*l + 2*l = 4*n - 17, f = -5*l. Suppose 0 = n*v + 3*b - 822 - 299, 0 = 5*v - 5*b - 1105. Is v composite?
False
Let i = 9 - 4. Suppose 4*m + i*s = 29 + 1, -3*s - 9 = -3*m. Suppose -3*f = 5*r - 725, m*r + 3*f - 441 = 2*r. Is r composite?
True
Let j = 68 - 67. Is (233*j)/((-4)/(-12)) composite?
True
Suppose 5*f - 53 = -3*n, -4*n - 36 = -4*f - 0*n. Let z be (-1506)/(-15) - 4/f. Suppose 4*y = -0*y + z. Is y prime?
False
Let l(r) = -r**2 + 11*r - 6. Let f be l(10). Suppose -4848 = -4*v - y - 0*y, -f*y - 6039 = -5*v. Is v prime?
False
Is -6247*(6/6 + -2) composite?
False
Suppose 8 = 7